3, 17, 37, 2953
What are the prime factors of 15255651?
3, 19, 267643
What are the prime factors of 12646937?
12646937
List the prime factors of 356741.
7, 11, 41, 113
List the prime factors of 9967119.
3, 23, 144451
List the prime factors of 5739484.
2, 509, 2819
What are the prime factors of 1478808?
2, 3, 19, 23, 47
List the prime factors of 581621.
17, 34213
What are the prime factors of 1352676?
2, 3, 13, 23, 29
List the prime factors of 5539433.
17, 325849
List the prime factors of 91775.
5, 3671
What are the prime factors of 3675527?
41, 157, 571
What are the prime factors of 5331077?
19, 280583
List the prime factors of 1528052.
2, 31, 12323
List the prime factors of 2613905.
5, 7, 47, 227
List the prime factors of 11607554.
2, 7, 829111
What are the prime factors of 6297617?
6297617
What are the prime factors of 9965688?
2, 3, 521, 797
What are the prime factors of 5471103?
3, 11, 317, 523
What are the prime factors of 19526113?
73, 267481
List the prime factors of 26496544.
2, 103, 8039
List the prime factors of 4299569.
29, 173, 857
What are the prime factors of 2034809?
7, 31, 9377
List the prime factors of 164481.
3, 109, 503
List the prime factors of 27586.
2, 13, 1061
What are the prime factors of 1431405?
3, 5, 23, 461
What are the prime factors of 13791865?
5, 2758373
What are the prime factors of 5629871?
13, 19, 23, 991
List the prime factors of 333601.
271, 1231
List the prime factors of 9044089.
977, 9257
List the prime factors of 20347642.
2, 7, 207629
List the prime factors of 3431675.
5, 13, 10559
List the prime factors of 1618483.
73, 22171
What are the prime factors of 1494654?
2, 3, 7, 19, 1873
What are the prime factors of 455685?
3, 5, 17, 1787
What are the prime factors of 6011368?
2, 11, 68311
List the prime factors of 34442532.
2, 3, 139, 6883
List the prime factors of 435149.
11, 13, 17, 179
List the prime factors of 191764.
2, 191, 251
What are the prime factors of 3679474?
2, 1839737
What are the prime factors of 419176?
2, 151, 347
What are the prime factors of 928358?
2, 313, 1483
What are the prime factors of 1629334?
2, 7, 116381
List the prime factors of 11159104.
2, 11, 131
What are the prime factors of 1140111?
3, 7, 18097
List the prime factors of 106359.
3, 11, 293
What are the prime factors of 12857103?
3, 7, 59, 1153
List the prime factors of 6880314.
2, 3, 7, 107, 1531
What are the prime factors of 6002648?
2, 167, 4493
List the prime factors of 4811240.
2, 5, 7, 17183
List the prime factors of 99193.
281, 353
List the prime factors of 1674494.
2, 521, 1607
List the prime factors of 5539239.
3, 205157
List the prime factors of 9889639.
59, 167621
List the prime factors of 181929.
3, 11, 37, 149
What are the prime factors of 182936?
2, 13, 1759
List the prime factors of 96885.
3, 5, 2153
List the prime factors of 257620.
2, 5, 11, 1171
List the prime factors of 644127.
3, 11, 131, 149
What are the prime factors of 105083?
11, 41, 233
List the prime factors of 9224060.
2, 5, 59, 7817
List the prime factors of 93945.
3, 5, 6263
What are the prime factors of 11344089?
3, 37, 102199
List the prime factors of 3128464.
2, 19, 41, 251
What are the prime factors of 137990?
2, 5, 13799
What are the prime factors of 946653?
3, 315551
What are the prime factors of 253117?
37, 6841
List the prime factors of 116146.
2, 58073
What are the prime factors of 36562526?
2, 7, 11, 13, 2609
List the prime factors of 3406769.
631, 5399
List the prime factors of 132233.
132233
List the prime factors of 378139.
61, 6199
List the prime factors of 353106.
2, 3, 13, 503
What are the prime factors of 169806?
2, 3, 7, 13, 311
List the prime factors of 1678442.
2, 839221
List the prime factors of 102830.
2, 5, 7, 13, 113
What are the prime factors of 2156558?
2, 461, 2339
List the prime factors of 18464003.
31, 595613
List the prime factors of 101816.
2, 11, 13, 89
What are the prime factors of 771590?
2, 5, 19, 31, 131
List the prime factors of 1282830.
2, 3, 5, 61, 701
What are the prime factors of 83705?
5, 16741
What are the prime factors of 1106299?
229, 4831
List the prime factors of 4597738.
2, 2298869
What are the prime factors of 8859735?
3, 5, 47, 59, 71
List the prime factors of 13870279.
547, 25357
What are the prime factors of 13056189?
3, 4352063
What are the prime factors of 651948?
2, 3, 11, 449
List the prime factors of 22103793.
3, 818659
What are the prime factors of 203297?
23, 8839
What are the prime factors of 483840?
2, 3, 5, 7
List the prime factors of 635146.
2, 227, 1399
List the prime factors of 949889.
949889
List the prime factors of 341564.
2, 17, 5023
List the prime factors of 76977.
3, 2851
List the prime factors of 225283.
19, 71, 167
What are the prime factors of 529630?
2, 5, 52963
What are the prime factors of 11523454?
2, 1423, 4049
List the prime factors of 143150.
2, 5, 7, 409
List the prime factors of 1395449.
11, 126859
List the prime factors of 442001.
7, 233, 271
What are the prime factors of 323971?
47, 61, 113
List the prime factors of 7033071.
3, 37, 63361
What are the prime factors of 918478?
2, 11, 83, 503
List the prime factors of 6370909.
19, 547, 613
What are the prime factors of 1054037?
139, 7583
List the prime factors of 643869.
3, 7949
List the prime factors of 2358387.
3, 31, 79, 107
List the prime factors of 111036.
2, 3, 19, 487
List the prime factors of 21976832.
2, 85847
List the prime factors of 351989.
11, 2909
What are the prime factors of 361745?
5, 71, 1019
What are the prime factors of 294308?
2, 7, 23, 457
What are the prime factors of 633860?
2, 5, 41, 773
List the prime factors of 860453.
11, 19, 23, 179
What are the prime factors of 6345862?
2, 17, 10979
List the prime factors of 942880.
2, 5, 71, 83
What are the prime factors of 18173565?
3, 5, 23, 1951
What are the prime factors of 7640233?
83, 92051
List the prime factors of 2511503.
2511503
What are the prime factors of 346999?
353, 983
What are the prime factors of 290541?
3, 96847
What are the prime factors of 44465279?
23, 41, 61, 773
What are the prime factors of 177106?
2, 17, 5209
What are the prime factors of 1057459?
13, 81343
What are the prime factors of 559680?
2, 3, 5, 11, 53
List the prime factors of 176767.
47, 3761
What are the prime factors of 230362?
2, 11, 37, 283
What are the prime factors of 23281450?
2, 5, 47, 9907
List the prime factors of 10687264.
2, 7, 47711
What are the prime factors of 18678680?
2, 5, 71, 6577
List the prime factors of 9549106.
2, 7, 682079
What are the prime factors of 36177578?
2, 18088789
List the prime factors of 1409048.
2, 89, 1979
What are the prime factors of 561953?
7, 80279
List the prime factors of 635025.
3, 5, 8467
List the prime factors of 14133946.
2, 7066973
List the prime factors of 5860600.
2, 5, 29303
List the prime factors of 285218.
2, 142609
List the prime factors of 639015.
3, 5, 13, 29, 113
List the prime factors of 55454.
2, 7, 17, 233
What are the prime factors of 243080?
2, 5, 59, 103
What are the prime factors of 14478271?
17, 31, 83, 331
List the prime factors of 1238485.
5, 247697
What are the prime factors of 433960?
2, 5, 19, 571
List the prime factors of 6189055.
5, 491, 2521
List the prime factors of 4317547.
13, 67, 4957
List the prime factors of 211808.
2, 6619
What are the prime factors of 2965069?
37, 127, 631
What are the prime factors of 114663?
3, 37, 1033
List the prime factors of 28169688.
2, 3, 281, 4177
What are the prime factors of 110092?
2, 17, 1619
List the prime factors of 116602.
2, 173, 337
What are the prime factors of 28485?
3, 5, 211
What are the prime factors of 3798843?
3, 1266281
List the prime factors of 303714.
2, 3, 47, 359
List the prime factors of 13972971.
3, 31, 150247
What are the prime factors of 21763999?
21763999
What are the prime factors of 6124598?
2, 1013, 3023
List the prime factors of 263507.
41, 6427
What are the prime factors of 2792296?
2, 13, 26849
List the prime factors of 141274.
2, 7, 10091
What are the prime factors of 1980877?
1980877
What are the prime factors of 107356?
2, 26839
What are the prime factors of 9357990?
2, 3, 5, 17, 59, 311
List the prime factors of 94.
2, 47
List the prime factors of 58094.
2, 31, 937
List the prime factors of 12982822.
2, 6491411
What are t